{"id":29894,"date":"2025-07-17T14:59:18","date_gmt":"2025-07-17T17:59:18","guid":{"rendered":"https:\/\/clubuniversitario.org.ar\/nueva\/?page_id=29894"},"modified":"2026-03-11T09:03:12","modified_gmt":"2026-03-11T12:03:12","slug":"padel","status":"publish","type":"page","link":"https:\/\/clubuniversitario.org.ar\/nueva\/deportes\/padel\/","title":{"rendered":"Padel"},"content":{"rendered":"<div class=\"wpb-content-wrapper\"><p>[vc_row full_width=&#8221;stretch_row_content_no_spaces&#8221; equal_height=&#8221;yes&#8221; content_placement=&#8221;top&#8221; css=&#8221;.vc_custom_1703614808651{margin-top: 0px !important;margin-bottom: 0px !important;padding-top: 0px !important;padding-bottom: 0px !important;}&#8221;][vc_column disable_custom_paddings_tablet=&#8221;true&#8221; disable_custom_paddings_mobile=&#8221;true&#8221; css=&#8221;.vc_custom_1559560776980{padding-top: 90px !important;padding-right: 70px !important;padding-bottom: 70px !important;padding-left: 70px !important;background-color: #000000 !important;}&#8221; offset=&#8221;vc_col-lg-6 vc_col-md-6&#8243;][vc_column_text]<\/p>\n<div class=\"title-h1\"><span style=\"color: #ffffff;\">P\u00c1DEL<\/span><\/div>\n<p>[\/vc_column_text]<div class=\"clearboth\"><\/div><style>#thegem-divider-6a0902cdc9665 {margin-top: 45px !important;}<\/style><div id=\"thegem-divider-6a0902cdc9665\" class=\"gem-divider  \" style=\"\" ><\/div>[vc_column_text css=&#8221;&#8221;]<\/p>\n<p class=\"_ap3a _aaco _aacu _aacx _aad6 _aade\" dir=\"auto\"><span style=\"color: #e6eded;\">Complejo de P\u00e1del ubicado en Sede Gonnet &#8211; 5 Canchas vidriadas<\/span><br \/>\n<span style=\"color: #e6eded;\">Consultas y reserva de turnos para jugar al <a style=\"color: #e6eded;\" href=\"http:\/\/wa.me\/542216809751\">whatsapp 2216809751<\/a><\/span><\/p>\n<p><span style=\"color: #e6eded;\"><strong>ESCUELITA Para chicos y chicas de 8 a 15 a\u00f1os.<\/strong><\/span><\/p>\n<p><span style=\"color: #e6eded;\">Todos los s\u00e1bados, grupos reducidos de 6 chicos por cancha:<\/span><br \/>\n<span style=\"color: #e6eded;\">\ud83c\udfbe 9 a 10hs<\/span><br \/>\n<span style=\"color: #e6eded;\">\ud83c\udfbe 10 a 11hs<\/span><br \/>\n<span style=\"color: #e6eded;\">\ud83c\udfbe 11 a 12hs<\/span><\/p>\n<p><span style=\"color: #e6eded;\">Consultas e inscripci\u00f3n al<\/span> <span style=\"color: #00ffff;\"><a style=\"color: #00ffff;\" href=\"https:\/\/wa.link\/h7hddv\">221 6779404<\/a><\/span>[\/vc_column_text][\/vc_column][vc_column css=&#8221;.vc_custom_1740584342865{margin-top: 0px !important;margin-bottom: 0px !important;padding-top: 330px !important;padding-bottom: 330px !important;background-image: url(https:\/\/clubuniversitario.org.ar\/nueva\/wp-content\/uploads\/vlcsnap-2025-02-26-12h37m41s165.png?id=29683) !important;background-position: center !important;background-repeat: no-repeat !important;background-size: cover !important;}&#8221; offset=&#8221;vc_col-lg-6 vc_col-md-6&#8243;][\/vc_column][\/vc_row][vc_row css=&#8221;.vc_custom_1559309011994{margin-top: 0px !important;margin-bottom: 0px !important;padding-top: 0px !important;padding-bottom: 0px !important;}&#8221;][vc_column offset=&#8221;vc_hidden-sm vc_hidden-xs&#8221;]<div class=\"clearboth\"><\/div><style>#thegem-divider-6a0902cdc9685 {margin-top: 100px !important;}<\/style><div id=\"thegem-divider-6a0902cdc9685\" class=\"gem-divider  \" style=\"\" ><\/div>[\/vc_column][vc_column offset=&#8221;vc_hidden-lg vc_hidden-md&#8221;]<div class=\"clearboth\"><\/div><style>#thegem-divider-6a0902cdc9694 {margin-top: 50px !important;}<\/style><div id=\"thegem-divider-6a0902cdc9694\" class=\"gem-divider  \" style=\"\" ><\/div>[\/vc_column][\/vc_row][vc_row][vc_column][vc_column_text css_animation=&#8221;bottom-to-top&#8221;]<\/p>\n<div class=\"title-h1\">Noticias sobre padel<\/div>\n<p>[\/vc_column_text]<div id=\"style-60b73a6\" data-style-uid=\"60b73a6\" class=\"blog blog-style-justified-4x justified-style-1 inline-row clearfix item-animation-move-up pagination-normal\" data-next-page=\"0\" data-pages-count=\"1\">\n<article id=\"post-29726\" class=\"col-lg-3 col-md-3 col-sm-6 col-xs-6 inline-column item-animations-not-inited post-29726 post type-post status-publish format-standard has-post-thumbnail category-aikido category-basquet category-deportes category-destacada category-inicio category-kayakpolo category-natacion category-padel category-rugby category-tenis category-voley category-waterpolo tag-escuelitas-deportivas\"> <div class=\"post-content-wrapper\" style=\"\"> <div class=\"post-image\"><div class=\"post-featured-content\"><a href=\"https:\/\/clubuniversitario.org.ar\/nueva\/comienzan-las-escuelas-deportivas\/\"> <picture> <img src=\"https:\/\/clubuniversitario.org.ar\/nueva\/wp-content\/uploads\/caratula-escuelita-thegem-blog-justified.jpeg\" width=\"640\" height=\"480\" class=\"img-responsive\" alt=\"caratula escuelita\" \/> <\/picture> <\/a><\/div><\/div> <div class=\"description\"> <div class=\"post-meta-conteiner\"> <div class=\"post-meta-right\"> <\/div> <\/div> <div class=\"post-title\"> <div class=\"entry-title title-h4\"><a href=\"https:\/\/clubuniversitario.org.ar\/nueva\/comienzan-las-escuelas-deportivas\/\" rel=\"bookmark\"><span class=\"light\">Comienzan las escuelas deportivas<\/span><\/a><\/div> <\/div> <div class=\"post-text\"> <div class=\"summary\"> <\/div> <\/div> <div class=\"info clearfix\"> <div class=\"post-read-more\"><div class=\"gem-button-container gem-button-position-inline thegem-button-6a0902cdcf0316320\" ><a class=\"gem-button gem-button-size-tiny gem-button-style-outline gem-button-text-weight-normal gem-button-border-2\" data-ll-effect=\"drop-right-without-wrap\" style=\"border-radius: 3px;\" onmouseleave=\"\" onmouseenter=\"\" href=\"https:\/\/clubuniversitario.org.ar\/nueva\/comienzan-las-escuelas-deportivas\/\" target=\"_self\">Leer M\u00e1s<\/a><\/div> <\/div> <\/div> <\/div> <\/div>\n<\/article> <article id=\"post-29616\" class=\"col-lg-3 col-md-3 col-sm-6 col-xs-6 inline-column item-animations-not-inited post-29616 post type-post status-publish format-standard has-post-thumbnail category-aikido category-basquet category-deportes category-destacada category-hockey category-inicio category-kayakpolo category-natacion category-padel category-rugby category-taekwondo category-tenis category-voley category-waterpolo tag-fiesta tag-rugby tag-u-de-oro\"> <div class=\"post-content-wrapper\" style=\"\"> <div class=\"post-image\"><div class=\"post-featured-content\"><a href=\"https:\/\/clubuniversitario.org.ar\/nueva\/u-de-oro-2024-para-el-rugby\/\"> <picture> <img src=\"https:\/\/clubuniversitario.org.ar\/nueva\/wp-content\/uploads\/IMG_7935-scaled-thegem-blog-justified.jpg\" width=\"640\" height=\"480\" class=\"img-responsive\" alt=\"IMG_7935\" \/> <\/picture> <\/a><\/div><\/div> <div class=\"description\"> <div class=\"post-meta-conteiner\"> <div class=\"post-meta-right\"> <\/div> <\/div> <div class=\"post-title\"> <div class=\"entry-title title-h4\"><a href=\"https:\/\/clubuniversitario.org.ar\/nueva\/u-de-oro-2024-para-el-rugby\/\" rel=\"bookmark\"><span class=\"light\">U de ORO 2024 para el rugby<\/span><\/a><\/div> <\/div> <div class=\"post-text\"> <div class=\"summary\"> <\/div> <\/div> <div class=\"info clearfix\"> <div class=\"post-read-more\"><div class=\"gem-button-container gem-button-position-inline thegem-button-6a0902cdd28a02746\" ><a class=\"gem-button gem-button-size-tiny gem-button-style-outline gem-button-text-weight-normal gem-button-border-2\" data-ll-effect=\"drop-right-without-wrap\" style=\"border-radius: 3px;\" onmouseleave=\"\" onmouseenter=\"\" href=\"https:\/\/clubuniversitario.org.ar\/nueva\/u-de-oro-2024-para-el-rugby\/\" target=\"_self\">Leer M\u00e1s<\/a><\/div> <\/div> <\/div> <\/div> <\/div>\n<\/article> <article id=\"post-28881\" class=\"col-lg-3 col-md-3 col-sm-6 col-xs-6 inline-column item-animations-not-inited post-28881 post type-post status-publish format-standard has-post-thumbnail category-basquet category-hockey category-inicio category-kayakpolo category-natacion category-noticias category-padel category-rugby category-tenis category-voley category-waterpolo\"> <div class=\"post-content-wrapper\" style=\"\"> <div class=\"post-image\"><div class=\"post-featured-content\"><a href=\"https:\/\/clubuniversitario.org.ar\/nueva\/juga-en-la-u\/\"> <picture> <img src=\"https:\/\/clubuniversitario.org.ar\/nueva\/wp-content\/uploads\/nota-2024-03-08-01-thegem-blog-justified.jpg\" width=\"640\" height=\"480\" class=\"img-responsive\" alt=\"ESCUELITAS DEPORTIVAS - 1\" \/> <\/picture> <\/a><\/div><\/div> <div class=\"description\"> <div class=\"post-meta-conteiner\"> <div class=\"post-meta-right\"> <\/div> <\/div> <div class=\"post-title\"> <div class=\"entry-title title-h4\"><a href=\"https:\/\/clubuniversitario.org.ar\/nueva\/juga-en-la-u\/\" rel=\"bookmark\"><span class=\"light\">&#8220;Jug\u00e1 en la U&#8221;<\/span><\/a><\/div> <\/div> <div class=\"post-text\"> <div class=\"summary\"> <p>Campa\u00f1a de escuelitas deportivas<\/p>\n<p>Lanzamos la campa\u00f1a \u201cJug\u00e1 en la U\u201d, para que las ni\u00f1as y ni\u00f1os puedan jugar al tenis, nataci\u00f3n, waterpolo, kayak Polo, voley, basquet, hockey, rugby y padel en el club mas lindo de la ciudad<\/p> <\/div> <\/div> <div class=\"info clearfix\"> <div class=\"post-read-more\"><div class=\"gem-button-container gem-button-position-inline thegem-button-6a0902cdd5cc97631\" ><a class=\"gem-button gem-button-size-tiny gem-button-style-outline gem-button-text-weight-normal gem-button-border-2\" data-ll-effect=\"drop-right-without-wrap\" style=\"border-radius: 3px;\" onmouseleave=\"\" onmouseenter=\"\" href=\"https:\/\/clubuniversitario.org.ar\/nueva\/juga-en-la-u\/\" target=\"_self\">Leer M\u00e1s<\/a><\/div> <\/div> <\/div> <\/div> <\/div>\n<\/article>\n<\/div>[\/vc_column][\/vc_row]<\/p>\n<\/div>","protected":false},"excerpt":{"rendered":"<p>[vc_row full_width=&#8221;stretch_row_content_no_spaces&#8221; equal_height=&#8221;yes&#8221; content_placement=&#8221;top&#8221; css=&#8221;.vc_custom_1703614808651{margin-top: 0px !important;margin-bottom: 0px !important;padding-top: 0px !important;padding-bottom: 0px !important;}&#8221;][vc_column disable_custom_paddings_tablet=&#8221;true&#8221; disable_custom_paddings_mobile=&#8221;true&#8221; css=&#8221;.vc_custom_1559560776980{padding-top: 90px !important;padding-right: 70px !important;padding-bottom:&#8230;<\/p>\n","protected":false},"author":1,"featured_media":0,"parent":28631,"menu_order":6,"comment_status":"closed","ping_status":"closed","template":"","meta":{"footnotes":""},"class_list":["post-29894","page","type-page","status-publish"],"yoast_head":"<!-- This site is optimized with the Yoast SEO plugin v27.2 - https:\/\/yoast.com\/product\/yoast-seo-wordpress\/ -->\n<title>Padel - Club Universitario de La Plata<\/title>\n<meta name=\"robots\" content=\"index, follow, max-snippet:-1, max-image-preview:large, max-video-preview:-1\" \/>\n<link rel=\"canonical\" href=\"https:\/\/clubuniversitario.org.ar\/nueva\/deportes\/padel\/\" \/>\n<meta property=\"og:locale\" content=\"es_ES\" \/>\n<meta property=\"og:type\" content=\"article\" \/>\n<meta property=\"og:title\" content=\"Padel - Club Universitario de La Plata\" \/>\n<meta property=\"og:description\" content=\"[vc_row full_width=&#8221;stretch_row_content_no_spaces&#8221; equal_height=&#8221;yes&#8221; content_placement=&#8221;top&#8221; css=&#8221;.vc_custom_1703614808651{margin-top: 0px !important;margin-bottom: 0px !important;padding-top: 0px !important;padding-bottom: 0px !important;}&#8221;][vc_column disable_custom_paddings_tablet=&#8221;true&#8221; disable_custom_paddings_mobile=&#8221;true&#8221; css=&#8221;.vc_custom_1559560776980{padding-top: 90px !important;padding-right: 70px !important;padding-bottom:...\" \/>\n<meta property=\"og:url\" content=\"https:\/\/clubuniversitario.org.ar\/nueva\/deportes\/padel\/\" \/>\n<meta property=\"og:site_name\" content=\"Club Universitario de La Plata\" \/>\n<meta property=\"article:publisher\" content=\"https:\/\/www.facebook.com\/Club-Universitario-de-La-Plata-176185835734694\/?hc_ref=ART4lDE5L4ECCo1yQz4yWSoD5fnWRMmP3rkoBkzTQEOFdNnyA3LFdlewstNUQYd0Yps\" \/>\n<meta property=\"article:modified_time\" content=\"2026-03-11T12:03:12+00:00\" \/>\n<meta name=\"twitter:card\" content=\"summary_large_image\" \/>\n<meta name=\"twitter:site\" content=\"@CULP_oficial\" \/>\n<script type=\"application\/ld+json\" class=\"yoast-schema-graph\">{\"@context\":\"https:\/\/schema.org\",\"@graph\":[{\"@type\":\"WebPage\",\"@id\":\"https:\/\/clubuniversitario.org.ar\/nueva\/deportes\/padel\/\",\"url\":\"https:\/\/clubuniversitario.org.ar\/nueva\/deportes\/padel\/\",\"name\":\"Padel - Club Universitario de La Plata\",\"isPartOf\":{\"@id\":\"https:\/\/clubuniversitario.org.ar\/nueva\/#website\"},\"datePublished\":\"2025-07-17T17:59:18+00:00\",\"dateModified\":\"2026-03-11T12:03:12+00:00\",\"breadcrumb\":{\"@id\":\"https:\/\/clubuniversitario.org.ar\/nueva\/deportes\/padel\/#breadcrumb\"},\"inLanguage\":\"es-AR\",\"potentialAction\":[{\"@type\":\"ReadAction\",\"target\":[\"https:\/\/clubuniversitario.org.ar\/nueva\/deportes\/padel\/\"]}]},{\"@type\":\"BreadcrumbList\",\"@id\":\"https:\/\/clubuniversitario.org.ar\/nueva\/deportes\/padel\/#breadcrumb\",\"itemListElement\":[{\"@type\":\"ListItem\",\"position\":1,\"name\":\"Inicio\",\"item\":\"https:\/\/clubuniversitario.org.ar\/nueva\/\"},{\"@type\":\"ListItem\",\"position\":2,\"name\":\"Deportes\",\"item\":\"https:\/\/clubuniversitario.org.ar\/nueva\/deportes\/\"},{\"@type\":\"ListItem\",\"position\":3,\"name\":\"Padel\"}]},{\"@type\":\"WebSite\",\"@id\":\"https:\/\/clubuniversitario.org.ar\/nueva\/#website\",\"url\":\"https:\/\/clubuniversitario.org.ar\/nueva\/\",\"name\":\"Club Universitario de La Plata\",\"description\":\"\",\"publisher\":{\"@id\":\"https:\/\/clubuniversitario.org.ar\/nueva\/#organization\"},\"potentialAction\":[{\"@type\":\"SearchAction\",\"target\":{\"@type\":\"EntryPoint\",\"urlTemplate\":\"https:\/\/clubuniversitario.org.ar\/nueva\/?s={search_term_string}\"},\"query-input\":{\"@type\":\"PropertyValueSpecification\",\"valueRequired\":true,\"valueName\":\"search_term_string\"}}],\"inLanguage\":\"es-AR\"},{\"@type\":\"Organization\",\"@id\":\"https:\/\/clubuniversitario.org.ar\/nueva\/#organization\",\"name\":\"Club Universitario de La Plata\",\"url\":\"https:\/\/clubuniversitario.org.ar\/nueva\/\",\"logo\":{\"@type\":\"ImageObject\",\"inLanguage\":\"es-AR\",\"@id\":\"https:\/\/clubuniversitario.org.ar\/nueva\/#\/schema\/logo\/image\/\",\"url\":\"http:\/\/clubuniversitario.org.ar\/nueva\/wp-content\/uploads\/clubuniversitario-logo-01.png\",\"contentUrl\":\"http:\/\/clubuniversitario.org.ar\/nueva\/wp-content\/uploads\/clubuniversitario-logo-01.png\",\"width\":1698,\"height\":800,\"caption\":\"Club Universitario de La Plata\"},\"image\":{\"@id\":\"https:\/\/clubuniversitario.org.ar\/nueva\/#\/schema\/logo\/image\/\"},\"sameAs\":[\"https:\/\/www.facebook.com\/Club-Universitario-de-La-Plata-176185835734694\/?hc_ref=ART4lDE5L4ECCo1yQz4yWSoD5fnWRMmP3rkoBkzTQEOFdNnyA3LFdlewstNUQYd0Yps\",\"https:\/\/x.com\/CULP_oficial\",\"https:\/\/www.instagram.com\/culp_oficial\/\",\"https:\/\/www.youtube.com\/@clubuniversitariodelaplata3335\"]}]}<\/script>\n<!-- \/ Yoast SEO plugin. -->","yoast_head_json":{"title":"Padel - Club Universitario de La Plata","robots":{"index":"index","follow":"follow","max-snippet":"max-snippet:-1","max-image-preview":"max-image-preview:large","max-video-preview":"max-video-preview:-1"},"canonical":"https:\/\/clubuniversitario.org.ar\/nueva\/deportes\/padel\/","og_locale":"es_ES","og_type":"article","og_title":"Padel - Club Universitario de La Plata","og_description":"[vc_row full_width=&#8221;stretch_row_content_no_spaces&#8221; equal_height=&#8221;yes&#8221; content_placement=&#8221;top&#8221; css=&#8221;.vc_custom_1703614808651{margin-top: 0px !important;margin-bottom: 0px !important;padding-top: 0px !important;padding-bottom: 0px !important;}&#8221;][vc_column disable_custom_paddings_tablet=&#8221;true&#8221; disable_custom_paddings_mobile=&#8221;true&#8221; css=&#8221;.vc_custom_1559560776980{padding-top: 90px !important;padding-right: 70px !important;padding-bottom:...","og_url":"https:\/\/clubuniversitario.org.ar\/nueva\/deportes\/padel\/","og_site_name":"Club Universitario de La Plata","article_publisher":"https:\/\/www.facebook.com\/Club-Universitario-de-La-Plata-176185835734694\/?hc_ref=ART4lDE5L4ECCo1yQz4yWSoD5fnWRMmP3rkoBkzTQEOFdNnyA3LFdlewstNUQYd0Yps","article_modified_time":"2026-03-11T12:03:12+00:00","twitter_card":"summary_large_image","twitter_site":"@CULP_oficial","schema":{"@context":"https:\/\/schema.org","@graph":[{"@type":"WebPage","@id":"https:\/\/clubuniversitario.org.ar\/nueva\/deportes\/padel\/","url":"https:\/\/clubuniversitario.org.ar\/nueva\/deportes\/padel\/","name":"Padel - Club Universitario de La Plata","isPartOf":{"@id":"https:\/\/clubuniversitario.org.ar\/nueva\/#website"},"datePublished":"2025-07-17T17:59:18+00:00","dateModified":"2026-03-11T12:03:12+00:00","breadcrumb":{"@id":"https:\/\/clubuniversitario.org.ar\/nueva\/deportes\/padel\/#breadcrumb"},"inLanguage":"es-AR","potentialAction":[{"@type":"ReadAction","target":["https:\/\/clubuniversitario.org.ar\/nueva\/deportes\/padel\/"]}]},{"@type":"BreadcrumbList","@id":"https:\/\/clubuniversitario.org.ar\/nueva\/deportes\/padel\/#breadcrumb","itemListElement":[{"@type":"ListItem","position":1,"name":"Inicio","item":"https:\/\/clubuniversitario.org.ar\/nueva\/"},{"@type":"ListItem","position":2,"name":"Deportes","item":"https:\/\/clubuniversitario.org.ar\/nueva\/deportes\/"},{"@type":"ListItem","position":3,"name":"Padel"}]},{"@type":"WebSite","@id":"https:\/\/clubuniversitario.org.ar\/nueva\/#website","url":"https:\/\/clubuniversitario.org.ar\/nueva\/","name":"Club Universitario de La Plata","description":"","publisher":{"@id":"https:\/\/clubuniversitario.org.ar\/nueva\/#organization"},"potentialAction":[{"@type":"SearchAction","target":{"@type":"EntryPoint","urlTemplate":"https:\/\/clubuniversitario.org.ar\/nueva\/?s={search_term_string}"},"query-input":{"@type":"PropertyValueSpecification","valueRequired":true,"valueName":"search_term_string"}}],"inLanguage":"es-AR"},{"@type":"Organization","@id":"https:\/\/clubuniversitario.org.ar\/nueva\/#organization","name":"Club Universitario de La Plata","url":"https:\/\/clubuniversitario.org.ar\/nueva\/","logo":{"@type":"ImageObject","inLanguage":"es-AR","@id":"https:\/\/clubuniversitario.org.ar\/nueva\/#\/schema\/logo\/image\/","url":"http:\/\/clubuniversitario.org.ar\/nueva\/wp-content\/uploads\/clubuniversitario-logo-01.png","contentUrl":"http:\/\/clubuniversitario.org.ar\/nueva\/wp-content\/uploads\/clubuniversitario-logo-01.png","width":1698,"height":800,"caption":"Club Universitario de La Plata"},"image":{"@id":"https:\/\/clubuniversitario.org.ar\/nueva\/#\/schema\/logo\/image\/"},"sameAs":["https:\/\/www.facebook.com\/Club-Universitario-de-La-Plata-176185835734694\/?hc_ref=ART4lDE5L4ECCo1yQz4yWSoD5fnWRMmP3rkoBkzTQEOFdNnyA3LFdlewstNUQYd0Yps","https:\/\/x.com\/CULP_oficial","https:\/\/www.instagram.com\/culp_oficial\/","https:\/\/www.youtube.com\/@clubuniversitariodelaplata3335"]}]}},"_links":{"self":[{"href":"https:\/\/clubuniversitario.org.ar\/nueva\/wp-json\/wp\/v2\/pages\/29894","targetHints":{"allow":["GET"]}}],"collection":[{"href":"https:\/\/clubuniversitario.org.ar\/nueva\/wp-json\/wp\/v2\/pages"}],"about":[{"href":"https:\/\/clubuniversitario.org.ar\/nueva\/wp-json\/wp\/v2\/types\/page"}],"author":[{"embeddable":true,"href":"https:\/\/clubuniversitario.org.ar\/nueva\/wp-json\/wp\/v2\/users\/1"}],"replies":[{"embeddable":true,"href":"https:\/\/clubuniversitario.org.ar\/nueva\/wp-json\/wp\/v2\/comments?post=29894"}],"version-history":[{"count":0,"href":"https:\/\/clubuniversitario.org.ar\/nueva\/wp-json\/wp\/v2\/pages\/29894\/revisions"}],"up":[{"embeddable":true,"href":"https:\/\/clubuniversitario.org.ar\/nueva\/wp-json\/wp\/v2\/pages\/28631"}],"wp:attachment":[{"href":"https:\/\/clubuniversitario.org.ar\/nueva\/wp-json\/wp\/v2\/media?parent=29894"}],"curies":[{"name":"wp","href":"https:\/\/api.w.org\/{rel}","templated":true}]}}